w + w. Calculate the highest common divisor of w and 48.
12
Let q be (-2244)/(-16)*1 + 3/(-12). What is the greatest common factor of q and 20?
20
Let u = -28 + 55. What is the greatest common factor of 18 and u?
9
Let j be (10/4 - 3)*0. Let k be 48 - (j/(-3))/(-1). Suppose 50 = f - k. Calculate the greatest common divisor of 14 and f.
14
Suppose -5*w - 5*q + 0*q = -550, -5*q - 10 = 0. What is the highest common factor of w and 16?
16
Let q(p) = -p**3 - 3*p**2 + 3*p. Let s be q(-5). Let o = 44 + -39. Calculate the highest common divisor of s and o.
5
Let y = 4 + -6. Let v = 5 + y. Suppose -2*s - 2*t + 69 = v*s, 4*t = -4*s + 48. What is the highest common factor of 120 and s?
15
Suppose -8*o - 42 + 298 = 0. Calculate the highest common divisor of o and 24.
8
Let p(m) = -m**3 + 6*m**2 - 4*m - 4. Let f = 10 + -6. Let t be p(f). What is the highest common factor of t and 24?
12
Suppose 16*m = 19*m - 159. Let x = m - 26. Calculate the highest common divisor of 81 and x.
27
Suppose -13*c + 10*c + 189 = 0. Let y = -11 - -18. Calculate the greatest common divisor of c and y.
7
Let z(v) = -v**3 - 3*v**2 + 2*v + 4. Let c be z(-3). Let o(u) = -2*u**3 + u + 2. Let j be o(c). Calculate the greatest common factor of j and 8.
8
Let z(c) = -c - 3. Let h be z(0). Let b(g) = g**3 + g**2 - g**3 - g**3 - 4 - 5*g - 5*g**2. Let p be b(h). Calculate the greatest common factor of 5 and p.
1
Let t(f) = 6*f - 59. Let u be t(15). What is the highest common factor of u and 31?
31
Let f = 105 - 61. Calculate the greatest common divisor of f and 22.
22
Suppose g - 17 + 4 = 0. Calculate the greatest common factor of g and 143.
13
Let v(y) = -y**3 + 6*y**2 - 5*y + 1. Let f be v(5). Let k(a) = 13*a**2 - a. Let c be k(f). What is the highest common divisor of c and 6?
6
Let c = 123 - 113. Calculate the greatest common factor of c and 50.
10
Let v(b) = -4*b + 4 - 4*b + 2*b + 5*b. Let r be v(11). Let q be (r/(-3))/((-1)/(-3)). Calculate the highest common divisor of 7 and q.
7
Suppose -4*s + s = -9. Let q = s - -1. What is the highest common factor of q and 1?
1
Let t(h) = -2*h**3 - 2*h**2 + 5*h + 2. Let g be t(-4). What is the highest common factor of 13 and g?
13
Suppose -1 - 14 = -5*b. Suppose -3*a - b*j = -144, 0 = -3*a + j + 95 + 33. Let x be (4/(-3))/((-7)/21). What is the highest common factor of x and a?
4
Suppose -4*v + 521 + 7 = 0. Let h(n) = n + 4 - 2 + 4. Let m be h(6). Calculate the greatest common divisor of m and v.
12
Let y be (-51)/(-2*(-6)/(-80)). Suppose -5*z - 2*v = 3*v - y, 8 = 2*v. Calculate the highest common factor of 8 and z.
8
Let c(z) = 2*z**2 - 5*z - 9. Let o be c(7). Let p = o + -24. Let h(r) = -r**2 - 7*r - 2. Let t be h(-3). Calculate the highest common divisor of t and p.
10
Let w(p) = -12*p - 43. Let a be w(-5). Let z(m) = 22*m + 2. Let l be z(3). What is the highest common divisor of l and a?
17
Let l(k) = k**2 + 4. Let n be l(-3). Suppose 2*z - 6*a = -a + 156, 360 = 4*z + 2*a. Suppose -4*y = -16 - z. Calculate the greatest common factor of y and n.
13
Let t = -132 - -136. Calculate the highest common factor of 10 and t.
2
Suppose 39*s - 44*s + 250 = 0. What is the greatest common divisor of s and 30?
10
Let r(m) = 3*m - 6*m - 5 + 4*m. Let c be r(8). What is the highest common divisor of 33 and c?
3
Let t = 58 - 21. What is the greatest common divisor of t and 407?
37
Suppose -3*t - 84 = -5*t. What is the greatest common divisor of 6 and t?
6
Suppose 0 = 4*o - 3*o - 5. Suppose -5*j + 2*b + 3*b = -110, 0 = o*j - b - 110. What is the highest common factor of j and 44?
22
Suppose -c = t + 3*c - 34, 0 = 2*t + 4*c - 48. What is the highest common factor of 98 and t?
14
Suppose 0 = -4*c + 253 + 107. Let d = -42 + c. Calculate the greatest common divisor of 12 and d.
12
Let q(r) = -r - 5. Let u be q(-5). Let i be 5/((-15)/(-72)) + u. What is the highest common factor of i and 36?
12
Let u be 60/(-1 - -5) - -3. Suppose -u = -o - 6. What is the highest common divisor of o and 6?
6
Let z = 107 + -74. Let s(p) = p**2 - 7*p - 2. Let l be s(6). Let b be l/20 - (-57)/5. What is the highest common divisor of b and z?
11
Let x(f) = -f**2 - 7*f + 2. Suppose -2*s + 2 = -2. Let b = s + -8. Let m be x(b). Calculate the greatest common divisor of m and 88.
8
Let o(a) = 11*a + 1. Let k be o(1). Let l be (-12)/48*8/(-1). Let c(z) = 32*z - 4. Let s be c(l). What is the highest common factor of k and s?
12
Let j be 0/(-2 - 2) + 5. Suppose 13 = -2*u + 2*n + 59, 5*u - 65 = -j*n. Calculate the greatest common factor of u and 198.
18
Suppose 2*d = -4, 110 = -4*h - d - 0*d. Let x = 0 - h. Suppose 3*u = -2*f + x, -f + 5*u = -4*f + 43. Calculate the greatest common factor of f and 24.
6
Let y = 27 + -17. Let r = y + 1. What is the highest common factor of 11 and r?
11
Suppose 4*d + d - 30 = 0. What is the highest common factor of d and 2?
2
Let w = 35 + -33. Calculate the greatest common factor of w and 14.
2
Let z be (1/5*-32)/(1/(-5)). What is the highest common factor of 80 and z?
16
Let p(a) = a - 2. Let s be p(5). Let c be 2/s + (-843)/9. Let k = c - -170. Calculate the greatest common factor of k and 11.
11
Let c be 1 + (-36)/28 - 132/(-21). Calculate the highest common factor of 30 and c.
6
Let r(v) = v**2 + 21*v + 23. Let h be r(-20). Calculate the highest common factor of h and 9.
3
Suppose 0 = 4*b - 2*b - 14. Let v be (2/(-3))/((-2)/(-3)). Let w be 42/4*(v + 3). Calculate the highest common factor of w and b.
7
Suppose -2*j - 422 = -3*i, 6*j - 2*j = -4. What is the highest common divisor of i and 28?
28
Let c be (-194)/(-8) + 2/(-8). Suppose 108 = 5*p - 2*p. What is the greatest common divisor of c and p?
12
Let f(n) = 4*n**2 + 2*n - 4. Let g be f(-2). What is the greatest common factor of 32 and g?
8
Let w(r) = 0*r - r + 8 - 1. Let g be w(4). Let n be ((-4)/g)/(6/(-9)). What is the highest common factor of 2 and n?
2
Suppose 18 = 3*p - 3. Let h be p/6 - 2/12. Suppose -2*j = -4 - 18. What is the highest common divisor of h and j?
1
Suppose 3*y = 190 - 46. Let g be (-1)/((-4)/128*1). Calculate the highest common factor of g and y.
16
Suppose -3*x + 195 = -0*x. Let s = -20 + 113. Suppose 3*d - 2*z - s = 3*z, z + 3 = 0. What is the greatest common factor of x and d?
13
Let v be (-98 - -5)/(-3) - -4. Calculate the greatest common divisor of 175 and v.
35
Suppose 111 = 2*l - 57. What is the greatest common factor of 12 and l?
12
Suppose p - 49 = -6*p. Calculate the highest common factor of 77 and p.
7
Let j(h) = 8*h - 1. Let q be j(5). Let g(z) = -4*z - 7. Let i be g(-5). What is the highest common divisor of i and q?
13
Let j(s) be the first derivative of -s**4/4 + 10*s**3/3 + 14*s + 4. Let n be j(10). Calculate the greatest common divisor of 2 and n.
2
Suppose -w = w - 30. Calculate the highest common divisor of 15 and w.
15
Suppose 0*i = i. Suppose -r + i*r = -9. What is the highest common divisor of 1 and r?
1
Let k = 38 - 32. Let a be 53 + 0 - (2 + -3). Calculate the greatest common factor of a and k.
6
Suppose 5*b + 65 = -5*r, 3*r + r = -8. Let i = -8 - b. Suppose 0 = 5*f - 87 + 12. What is the highest common factor of i and f?
3
Suppose -5*h = 4*y - 453, -3*y - 4*h + 339 = -0*y. Calculate the greatest common divisor of y and 13.
13
Let p(o) = 6*o**2 - 5*o**2 - o + 15*o**2 - o**2. Let f be p(1). What is the greatest common factor of 70 and f?
14
Suppose k + 5*i - 10 = 0, -2*k - 3*k + 2*i + 23 = 0. Let o(c) = c + 3. Let w be o(k). What is the greatest common divisor of w and 72?
8
Let s = 53 - 32. Calculate the highest common divisor of s and 3.
3
Let j be 4 - -1 - 0/2. Suppose -8*s + 10 = -3*s. Suppose p + s = 0, 0*r + 5*p = -r - 9. What is the highest common factor of r and j?
1
Let p be (-2)/4 + 350/20. Let f = 25 - -9. What is the greatest common divisor of p and f?
17
Suppose 5*m - 4*j = 3, -18 = -5*m - j - 0*j. Suppose 0 = -k + 5*z - 1 + 66, m*k = 3*z + 219. Calculate the highest common factor of 15 and k.
15
Suppose 5 = 2*u + 3. Let s(h) = -h**3 - 4*h**2 - h + 5. Suppose -3*w = w + 16. Let b be s(w). What is the greatest common divisor of b and u?
1
Suppose -5*k + 4 = 2*a + 6, -2*a + 22 = -k. Let f be 1/(-2)*2 - 0. Let c be 4*(-1)/(f/18). What is the highest common factor of a and c?
9
Suppose -5*g - 72 - 3 = -5*y, -90 = -4*y - 2*g. Let q be (0 - (-44 - 2